p = 4 + -2. What are the prime factors of (-7)/(-1)*(p + 0)?
2, 7
Suppose 0 = 2*g + 4*t - 110, 3*g + 4*t - 161 = -0*g. What are the prime factors of g?
3, 17
Let d = 22 - 10. Suppose i + 2*i = d. Suppose -i*b - 65 = -5*p - 0*p, p + 4*b + 11 = 0. List the prime factors of p.
3
Let d(s) = 6*s + 9. Let w be d(8). Let a = w + -32. List the prime factors of a.
5
Let t = -7 - -10. Suppose 17 = -t*i + 2*c + 120, 5*c = -25. What are the prime factors of i?
31
Let a = 4 - 1. List the prime factors of a.
3
Suppose 0*q - 2*q = -4*a + 102, 3*q - 127 = -4*a. List the prime factors of a.
2, 7
Let l(h) = -5*h - 5 + 2 + 4*h**3 - 3*h**3. Let d be l(4). Suppose -4*i + 38 = 5*k, 0*i + d = 5*k + 3*i. List the prime factors of k.
2, 5
Suppose -4*t - w + 18 = w, 0 = 3*t - 5*w - 33. Let v(y) = y**3 - 6*y**2 + 2*y - 9. What are the prime factors of v(t)?
3
Let q = 21 + -18. Suppose 4*r + 121 = q*l, 58 = 3*l + 3*r - 77. What are the prime factors of l?
43
Suppose -4*a + 7 + 1 = 4*r, -4*r = -5*a - 17. Suppose 0 = -3*f + 5*f + 5*l - 36, r*l - 6 = 0. List the prime factors of f.
13
Suppose -3*d + 30 = 2*d. Suppose -n = -d*n + 55. List the prime factors of n.
11
Let x(k) = k - 2. Let s be x(2). Suppose 0*c + 5*c - 115 = s. What are the prime factors of c?
23
Suppose 4*s - 4*u = 16, 0 = 3*s - 4*s + 5*u + 4. Suppose 0 = -j - s, -h + 38 = j + 2*j. List the prime factors of h.
2, 5
Suppose 3*n = -2*h + 43, -5*h + 10 = -0*n + n. What are the prime factors of n?
3, 5
Let q be 2/(1*(0 + 1)). Suppose 4*m - q*x = 8, 21 = -3*x + 9. Suppose 4*d = -m*d + 8. List the prime factors of d.
2
Let d(p) = 302*p**3 + 2*p**2 - 2*p + 1. List the prime factors of d(1).
3, 101
Suppose 4*l - 19 - 1 = 0. Suppose -l*k = -52 - 18. List the prime factors of k.
2, 7
Let h(d) = d**3 + 6*d**2 - 6*d - 9. What are the prime factors of h(-6)?
3
Let o = 7 - 0. What are the prime factors of o?
7
Suppose 27 = j + 4*w, -3*j - 4*w + 156 = j. List the prime factors of j.
43
Let a be 20/9 - 4/18. Suppose -a + 6 = -4*w. Let b = 8 + w. What are the prime factors of b?
7
Suppose 12*x - 6*x - 882 = 0. List the prime factors of x.
3, 7
Suppose 0 = -3*h + 2*h + 32. Let t = -23 + h. List the prime factors of t.
3
List the prime factors of (-3 + 77/35)/((-2)/350).
2, 5, 7
Let i = -4 + 6. Suppose 3*q - 33 = i*c + 5, -5*q + 5*c = -70. What are the prime factors of q?
2, 5
Let z(r) = r + 7. Suppose -3*a + 30 = 5*q, -3*q + q = -a - 23. List the prime factors of z(q).
2
Let w(y) = y**3 + 4*y**2 + 3*y - 4. Let u be w(-3). Let i be ((-5)/u)/((-1)/(-4)). Suppose i*t - 2*b = -b + 99, 3*t - 65 = 2*b. What are the prime factors of t?
19
Suppose -91 = 8*n - 2427. What are the prime factors of n?
2, 73
Let f = 13 - 10. List the prime factors of 29 + (f + 0 - 5).
3
Let a = -19 - -21. What are the prime factors of a?
2
Let l(h) = -h**3 - 4*h**2 + 3*h + 2. Let b be l(-5). Suppose 5*m = 2*k + 24, 5*m - 6 = -k + b. List the prime factors of m.
2
Suppose 4*l + 0*l - 12 = 0. Suppose 3*j + 7*g - l*g = -23, -4*g - 17 = -3*j. Let t = 11 - j. What are the prime factors of t?
2, 3
Let m be ((-2)/(-3))/(4/6). Let h(r) = 13*r**2 + 1. Let v be h(m). Suppose 2*x = 4*n - n + 3, -n = x - v. List the prime factors of x.
3
Let t = -136 + 73. Let r = -44 - t. What are the prime factors of r?
19
Let s(l) = -l**3 - 3*l**2 + 4. Let m be s(-3). Suppose 5*x + 10 = t, -8*t + 3*t = m*x + 8. List the prime factors of (4 - t)*(0 - -1).
2
Let j be ((-8)/6)/(2/(-30)). Let r = 7 - 1. Suppose -y - j = -r*y. What are the prime factors of y?
2
Let s = 27 - 11. What are the prime factors of s?
2
Let w(k) = k**3 - 5*k**2 - 5*k + 6. What are the prime factors of w(7)?
3, 23
Suppose 0 = -2*y - 4*k + 40 + 2, 0 = y + k - 16. List the prime factors of y.
11
Let k be ((-4)/(-4))/(2/4). Suppose 2*l = -k*l + 84. List the prime factors of l.
3, 7
Let p = 37 - 15. List the prime factors of p.
2, 11
Let o(k) = 5*k**2 + 3*k + 1. Let a be (2 + (2 - 3))/1. Let s be -1 - (2 - a) - 0. List the prime factors of o(s).
3, 5
Suppose -13*u + 16*u - 675 = 0. What are the prime factors of u?
3, 5
Suppose -5*s + 13 = -12. Suppose -s*c + 3*c = -2. What are the prime factors of c + (2 - 0 - -2)?
5
Let c(y) = -y**3 - 2*y**2 + 1. Let a be c(-1). Let n = 5 + a. List the prime factors of (-20)/2*(n + -6).
2, 5
Let j = 4 + -4. Suppose a + 2*a + 6 = j. Let d = a + 10. What are the prime factors of d?
2
List the prime factors of (432/(-15))/6*-10.
2, 3
Let x = 106 + -75. What are the prime factors of x?
31
Let i = 46 - 21. Let j = i + -17. What are the prime factors of j?
2
Let x(j) = 5*j**2 + 9*j + 5. Let s(y) = -9*y**2 - 17*y - 10. Let m(f) = -4*s(f) - 7*x(f). Let q be m(-5). Suppose -12 - 8 = -q*t. List the prime factors of t.
2
Suppose 0 = 4*r - 3*x - 4, 2*r = 2*x - 2 + 6. Let h be r/(-5) - 183/(-5). Suppose 5 = -4*t + h. What are the prime factors of t?
2
Suppose 0 = -0*u + 4*u - 5*r - 216, 0 = 4*r. What are the prime factors of u?
2, 3
Suppose 3*u + 6 = 3*t, 2*u = -0*u + t - 4. Let h be 0 + u + -4 + 3. Let i = 3 - h. What are the prime factors of i?
2, 3
Suppose -7 - 9 = -4*t. Suppose c + 0*c = -t*u + 12, -2*c - 3 = -u. Suppose -f + 23 = -0*b + 2*b, u*b - 31 = -5*f. List the prime factors of b.
2, 3
Let y(f) = f**3 + 6*f**2 + 4*f - 6. Let b be y(-5). List the prime factors of -3 + 36 - (1 - b).
31
Let l be ((-3)/6)/(2/(-8)). Suppose -l*d = -3*d - 5*u - 20, 2*d + 4*u = -10. Suppose y - 6 = -i - i, 0 = d*i. What are the prime factors of y?
2, 3
Suppose -4*r = k - 0*k + 8, 3*r + 9 = 0. What are the prime factors of k?
2
Let u(q) = q**2 - 2. Let w be u(-2). Suppose -w*r + 8 = -r. Let h = r + 4. What are the prime factors of h?
2, 3
Let m be 2/7 - (-285)/7. Suppose -2*x + 3*l = -m, -5*l - 17 = -2*x - 10*l. What are the prime factors of x?
2
Suppose -2*q - 2 + 6 = 0. List the prime factors of -1*24/(-1) - q.
2, 11
Suppose -128 = -2*u + 26. Let d = u - 52. List the prime factors of d.
5
Let x be -1*-4*(2 + -4). List the prime factors of 2 - 2 - (0 + x).
2
Suppose 3*r - 10 = r. Let l(b) = b**2 - 3*b. List the prime factors of l(r).
2, 5
List the prime factors of 3 - (2 - 0) - -52.
53
Let o(a) = 2*a + 2. Let v be o(-2). Let l(p) = p**3 + 5*p**2 + p - 2. Let i be l(v). List the prime factors of 20/(-8)*i/(-10).
2
Let g be 9/((-6)/28*-1). Suppose -12 = -3*q + g. Suppose 5*b + 4*d = -0*b + 20, q = b - 2*d. What are the prime factors of b?
2
Let s(y) = 15*y**2 - 3. List the prime factors of s(2).
3, 19
Let g be (-1)/(-3 + 2) + 1. Suppose -g*m = -2 - 10. What are the prime factors of m?
2, 3
Let q be -3 - (-3 + -5) - -1. Suppose 5*i - 5 = 0, 6 = 2*r - i - 3*i. Suppose r*b + x - 27 = 0, q*b - 2*b - x = 18. What are the prime factors of b?
5
Suppose 15 = -2*m - 5. Suppose -4*y + 2*y - 34 = 0. Let u = m - y. List the prime factors of u.
7
Let z(s) = -5*s**3 + 29*s**2 - 7*s - 25. Let d(r) = -r**3 + 7*r**2 - 2*r - 6. Let p(m) = -9*d(m) + 2*z(m). What are the prime factors of p(-6)?
2
Let i = -13 + 20. Suppose -2*n = 3*w - i - 20, 0 = -4*w - 4. List the prime factors of n.
3, 5
Let y(b) = b**3 + 10*b**2 - 4*b - 1. What are the prime factors of y(-10)?
3, 13
Suppose 4*w = h - 57, -128 = -5*h + h - 4*w. List the prime factors of h.
37
Let t(r) = -12*r - 5. Suppose 0 = 4*n + n + 15. What are the prime factors of t(n)?
31
Let k be 4/14 + 26/7. Suppose -15 = k*q - 3*z, q + 25 = 4*z + z. Suppose -5*s + 22 + 13 = q. List the prime factors of s.
7
Suppose -4 = 2*o - 2*b + 8, -5*b = 0. Let n = 29 + o. List the prime factors of n.
23
Let a(c) = -c**3 - 8*c**2 - 7*c + 9. Let b be a(-7). Let i be 28/6 + (-2)/(-6). Suppose -i*s + 4*k = -16, 4*s + b - 30 = -5*k. List the prime factors of s.
2
Let p(d) = 3*d**2 + 2*d - 3. Let u be 1/(-1) - (-9)/3. List the prime factors of p(u).
13
Let z = 4 + 38. List the prime factors of z.
2, 3, 7
List the prime factors of 90 - (4 - 5) - -1.
2, 23
Suppose 12*o - 414 - 3762 = 0. List the prime factors of o.
2, 3, 29
Let v(p) be the first derivative of -p**3/2 - p**2 + 2*p - 2. Let f(c) be the first derivative of v(c). What are the prime factors of f(-3)?
7
Let u(n) = -n + 5. Let l be u(-6). Let t = -3 + l. List the prime factors of t.
2
What are the prime factors of ((-188)/16 + 2)/(2/(-8))?
3, 13
List the prime factors of (-1785)/(-45) + (-2)/(-6).
2, 5
Suppose 0 = -2*s, -369 - 171 = -4*v +